st common factor of a and 30?
15
Let h be -3 + 3 + (-9 - -13). Calculate the greatest common divisor of h and 36.
4
Suppose -2*o - 125 = -2*l + 469, -4*l + 3*o + 1191 = 0. What is the greatest common factor of 132 and l?
12
Let s be (-2)/(-5)*(6 - 801/(-9)). What is the greatest common divisor of 1558 and s?
38
Let q(l) be the second derivative of l**5/20 + l**3/2 - 2*l**2 - 3*l. Let v be q(2). Calculate the greatest common divisor of v and 30.
10
Suppose -2077*k - 170 = -2087*k. Calculate the greatest common factor of 2329 and k.
17
Let q be 16/12*(-4)/((-24)/(-9)). Let x be 1 + q + 3 - -193. What is the greatest common divisor of 39 and x?
39
Suppose -2*p = 3*p - 55. Let z = p - 7. What is the greatest common divisor of z and 36?
4
Suppose -21*w - 52*w + 8468 = 0. Suppose n - 114 = -4*g, 0*n = 2*g + 3*n - 52. Calculate the highest common factor of g and w.
29
Let w be 1/3 + (-44)/(-12). Let p be (-3)/w + (-297)/(-12). Suppose 0 = 3*y - 9, -5*h + 4*y - 6*y = -366. Calculate the highest common divisor of h and p.
24
Let q(z) = z + 25. Let l be q(-18). Suppose -4*m - 1 = -4*b + l, 0 = -4*b - m + 13. What is the greatest common factor of b and 15?
3
Suppose -5*j = 2*j - 112. Let b be -12 + (-1 - -2)*-3. Let m = b + j. What is the greatest common factor of 8 and m?
1
Let i = 36 - 74. Suppose -3*h - h = 100. Let f = h - i. Calculate the highest common divisor of 104 and f.
13
Suppose 2*x + x = 360. Let w be (80/(-100))/((-1)/x). Suppose -h - w + 23 = -4*r, -2*r + 4*h + 26 = 0. Calculate the highest common factor of r and 209.
19
Suppose 6 = -2*d, 14*x - 234 = 9*x + 3*d. What is the greatest common divisor of x and 27?
9
Let y(f) = 335*f**3 - f**2. Let m be y(1). Let u be m/4 - (-2)/4. Let a = -201 + 213. Calculate the highest common divisor of a and u.
12
Let q = -191 + 849. Calculate the greatest common factor of 14 and q.
14
Suppose -3*z + 2*z + 112 = 0. What is the greatest common factor of z and 42?
14
Suppose 0 = -22*v + 19*v + 162. Calculate the greatest common divisor of v and 6.
6
Let n(l) = -l**3 - 5*l**2 - 35*l - 131. Let j be n(-6). What is the highest common divisor of j and 1104?
23
Let a = 198 + -186. Calculate the highest common divisor of a and 636.
12
Let w(b) = 7*b**3 - b**2 - 7*b - 4. Suppose d + 3 = -l + 8, -2*d - 3*l = -11. Let v be w(d). Calculate the greatest common factor of v and 50.
50
Suppose -3*c - 13 = -130. Let n = -17 + c. What is the highest common divisor of 55 and n?
11
Let h = -6 - -8. Let y be 0 + -6*(h - 1). Let r be y/(-2) - (-7 + -2). What is the highest common divisor of r and 48?
12
Let m = 8 - -20. Let d = -6380 + 6384. What is the highest common divisor of d and m?
4
Let b(o) = -26*o**3 - o**2 + o + 1. Let c be b(-2). What is the highest common divisor of c and 58?
29
Let n(j) = -6*j**2 + 78*j + 11. Let r be n(13). Suppose 19*x - 88 = 17*x. Calculate the greatest common factor of x and r.
11
Suppose -3*s = -4*s + 23. Let x be (105 + -11)*-1*1. Let w = x - -163. What is the greatest common factor of w and s?
23
Let j(o) = -2*o**3 - 2*o**2 + 4*o + 5. Let p(b) = b**3 + 2*b**2 - 8*b - 2. Let d be p(-4). Let n be j(d). Calculate the greatest common factor of 5 and n.
5
Let k = 1242 + -1237. What is the highest common divisor of 2 and k?
1
Let k(t) = t**2 + 5*t - 6. Let p be k(-9). Let l be p/80 - 117/(-8). What is the greatest common divisor of 5 and l?
5
Let j(w) be the third derivative of -w**6/120 - w**5/15 + w**4/24 - 5*w**3/3 + 13*w**2. Let t be j(-5). What is the greatest common factor of t and 90?
10
Suppose -101*c + 112*c - 396 = 0. Calculate the highest common factor of 48 and c.
12
Suppose 163 = 4*i + 5*v, 3*v = -5*i + 6 + 188. Suppose 117 = 4*r + i. What is the greatest common divisor of 50 and r?
10
Let a be (-8*1)/2 + 12. Let t(d) = 2*d**2 - 10*d. Let x be t(a). Let c(r) = 6*r**3 + r**2 - r. Let g be c(1). Calculate the highest common factor of g and x.
6
Let f be (-1 + 1109)/4 - 2. Suppose -f = -p - 4*p. Suppose -g - 2*x - x = -8, -g - 2*x + 7 = 0. Calculate the highest common factor of p and g.
5
Suppose 175 = 3*f + 2*f. Let y(q) = -2*q**2 - 2*q + 70. Let l be y(0). Calculate the greatest common factor of f and l.
35
Let w(r) = 3*r**2 - 10*r - 51. Let o be w(-4). What is the greatest common factor of 1 and o?
1
Let q(o) = 1 + 8*o**2 - 3*o**2 + o + 3*o**3 - 3*o**2 - 4*o**3. Let y be q(2). Suppose -y*i + 22 = -i. What is the greatest common factor of 1 and i?
1
Let u be (6 - 1)*2/5. Suppose 0 = -u*v - 4 - 4, 4*v = -t - 6. Suppose 5*c + 0*c - 400 = 0. What is the highest common factor of c and t?
10
Suppose 72 = -17*m + 19*m. Suppose m = -7*k + 10*k. What is the greatest common divisor of k and 48?
12
Let n = 25 - -14. Suppose 9*v + 3 = 10*v. Suppose 1 = o + 3*w - v, -o = -2*w - 19. Calculate the highest common divisor of o and n.
13
Let p be 325/15 + (-2)/(-6). Let a(f) = 30*f**3 + 3*f - 4. Let z be a(2). What is the highest common factor of p and z?
22
Let i be 3/(-1) + (-16)/4. Let k be 15/(15/3) - i. Calculate the greatest common factor of 10 and k.
10
Let s be 2/5 - 113/(-5). Let j = 29 + -24. Suppose -77 + 307 = j*t. What is the greatest common divisor of s and t?
23
Suppose -820*l = -842*l + 1540. Calculate the highest common divisor of l and 245.
35
Let j(o) = 95*o + 64. Let f be j(5). What is the highest common divisor of 154 and f?
77
Let t = -6 + 16. Let f be 32/2*t/20. Calculate the highest common factor of f and 88.
8
Let t = 12 - 32. Let c = t + 25. Suppose c*u - 5*j = 15, -3*u + 2*u - 17 = -5*j. Calculate the highest common divisor of u and 40.
8
Let o(z) = -z**2 + 11*z - 2. Let k be o(10). Let x be k*3 - 0/5. Let t = -75 - -87. What is the greatest common divisor of x and t?
12
Let d(v) = 218*v + 1. Let q be d(1). Suppose 273 = 5*o - n, o + 3*o - q = n. Let f be o + (-6)/(-4)*-2. Calculate the greatest common factor of f and 17.
17
Suppose -d = -5*b + 4, 5*d - 4*b = 1 + 63. What is the greatest common factor of 176 and d?
16
Let g = -17 - -41. Let m be (-4)/g - 55/(-6). What is the highest common divisor of m and 6?
3
Let x be 1/(-2)*(-8 + 2). Let s(b) = -b**3 + 6*b**2 - b + 3. Let n be s(x). What is the greatest common factor of n and 9?
9
Suppose 48 = -0*p + 2*p - 4*h, -3*h = -2*p + 48. Suppose -22*g + 596 - p = 0. Calculate the greatest common divisor of g and 39.
13
Suppose -5*w + 1 = -449. Let z(o) = -3*o - 1. Let u be z(-1). Let l be u/8 + (-273)/(-28). Calculate the greatest common divisor of w and l.
10
Suppose 2*o + 5 - 65 = 0. Let m = -56 + 56. Suppose m = 5*h - 4 - 26. What is the highest common factor of h and o?
6
Suppose -4*r + 17 = -7. Suppose -45 = -r*z - 15. What is the greatest common factor of z and 30?
5
Let n = -420 + 441. What is the highest common factor of 882 and n?
21
Let n = -112 + 124. What is the greatest common factor of n and 228?
12
Suppose 4 = 6*i + 4. Suppose -o = 5*f + o - 1, i = -4*o - 8. What is the highest common factor of 1 and f?
1
Let c(z) = -6*z + 46. Let b be c(5). What is the greatest common factor of b and 40?
8
Let s be 0 + -1 - ((-2)/1 - 3). What is the highest common factor of 512 and s?
4
Let p = 418 + -130. Suppose -4*m + p = 4*m. What is the greatest common factor of m and 4?
4
Suppose 8*p - p = 728. Suppose -2*g = 4*l - 34, 4*g - 25 = l + 25. Calculate the highest common factor of p and g.
13
Let n = 70 + -16. What is the highest common factor of n and 18?
18
Let m(t) = t**3 - 3*t + 3*t**2 - 3*t**2 - 2*t**2 + 0*t**2 + 2. Let o be m(3). Let c be (-154)/(-8) + o/(-8). Calculate the highest common factor of c and 152.
19
Let i(m) = -m**3 - m**2 + 7*m + 12. Let b be i(-2). What is the highest common factor of b and 16?
2
Suppose -15 = -0*y - 3*y - 2*z, 4*y = -5*z + 20. Suppose -g - 486 = -y*l, -2*g + 388 = 4*l - 3*g. What is the highest common divisor of 14 and l?
14
Let t = -141 + 190. Suppose 17 = -p + t. What is the greatest common factor of 144 and p?
16
Suppose -2*v = 2*r - 14, -2*r - 21 = -v - 4*v. Let a be 0 - -2*27/r. Let u = a + 94. Calculate the highest common factor of u and 11.
11
Let v = 688 + -669. What is the highest common divisor of 589 and v?
19
Let v(u) be the third derivative of -3*u**4/8 - 6*u**2. Let g be v(-2). Suppose 183 + 33 = 4*k. What is the greatest common factor of k and g?
18
Suppose -6*s = -301 + 19